divide w?
False
Let t(o) = -o**3 + o**2 + o + 2. Let l be t(2). Let d(m) = -m**2 + 32. Is 16 a factor of d(l)?
True
Suppose 0 = s - 2*h - 12, 2*s - 3*h = 19 - 0. Suppose 0*t - 6 = -s*t. Does 3 divide (-18)/8*(-8)/t?
True
Let q(z) = -2*z + 3. Is 9 a factor of q(-3)?
True
Let p be 3/(-6) - 58/4. Let o be (-336)/p + (-6)/15. Let j = -16 + o. Is j a multiple of 5?
False
Let x(t) = -t + 3. Let d be x(0). Suppose 0*f = d*f. Suppose f*y + 5*q - 46 = -y, q - 68 = -3*y. Does 13 divide y?
False
Let j = 1 + 2. Let r(k) = -5*k**2 + 8*k - 2*k**2 + k**3 + 0*k**3 + j. Does 13 divide r(6)?
False
Let v = -4 + 2. Let c be (-18)/(v/(-4) + 0). Let o = 6 - c. Is 21 a factor of o?
True
Let h = -10 - -22. Let o = h - 2. Does 5 divide o?
True
Let m(a) = a - 4. Let d be m(4). Let q = 1 - d. Let b(w) = 34*w**2 + 1. Is b(q) a multiple of 21?
False
Suppose 4*o + 34 = 3*h, -5*h - 2*o + 33 + 15 = 0. Is 6 a factor of 192/20 - (-4)/h?
False
Let h(t) be the first derivative of 2*t**3/3 - t**2/2 + 2*t - 1. Is h(2) a multiple of 4?
True
Suppose -s - h = 0, -2*s - 15 = -s + 4*h. Let y(q) = 2*q**2 - 7*q - 9. Let k be y(-8). Suppose 0 = 4*p + 3*f - 145, 6*p - p + s*f = k. Does 20 divide p?
True
Suppose 3 = 3*a, 0*a = -5*c + 2*a - 22. Let z = c + 8. Is 4 a factor of z?
True
Let y(w) = -4*w. Let x be 7/(-7)*(-8)/(-2). Is 8 a factor of y(x)?
True
Let c(n) = -n**3 + 2*n**2 - 6*n + 1. Let q(g) = g - 1. Let v(k) = c(k) + 4*q(k). Does 24 divide v(-3)?
True
Let i be ((-12)/(-42))/(2/14). Suppose -7 = -2*z - d, -i*d + 13 = 2*z - 3*d. Suppose -4*l = -5*c - 44, -z*c = l - 11 - 0. Is 11 a factor of l?
True
Let l(h) = -9*h + 41. Is 27 a factor of l(-6)?
False
Let j be (-4)/(-18) + (-50)/(-18). Suppose 4*x - 3*x - j = 0. Does 2 divide x?
False
Let l = -76 + 88. Does 12 divide l?
True
Suppose -4*p - p = -25. Is 5 a factor of p?
True
Let x = -10 + 88. Is x a multiple of 5?
False
Let s be -10 + ((-27)/3)/3. Let d = s + 8. Is 5 a factor of (d*1)/(-3 + 2)?
True
Let p = 2 + -4. Suppose 0 = -g - 3*g - 4*c, g = 2*c + 3. Is g*45 + (p - -5) a multiple of 14?
False
Suppose 0 = -q - 0 - 2. Let y(c) = -17*c - 1. Is 14 a factor of y(q)?
False
Suppose -4*t + 14 = 3*j - 0, 14 = 3*t + 4*j. Suppose 60 = -0*b + t*b. Is b a multiple of 10?
True
Suppose -2*h - n = -141, h + 3*n + 13 = 76. Is h a multiple of 18?
True
Let h(j) = 4*j**2 + j. Let n be h(-1). Suppose -12 = -n*k, 4*t = 3*t - 3*k + 19. Is 7 a factor of t?
True
Let s = -78 - -95. Is 2 a factor of s?
False
Let i = 5 + -3. Suppose i*p = -s - 0*p + 56, 0 = p - 1. Does 18 divide s?
True
Does 32 divide (-3)/15 + 646/5?
False
Is 11/(-1 - 9/(-6)) a multiple of 5?
False
Suppose r + 8 = -w, -2*w = -3*r + r + 8. Let n = w + 10. Suppose 27 = m - 3*s, -n*m - 5*s + 15 + 8 = 0. Does 4 divide m?
True
Suppose -80 = -5*z - 0*z. Suppose 3*k = -z + 4, 2*k = -2*a + 26. Suppose -a = -5*n + 13. Does 3 divide n?
True
Suppose 0*a - 166 = -a. Suppose 5*t - a = -4*g, 0 = -0*t - t - g + 33. Is t a multiple of 17?
True
Let o(b) = 2*b + 9. Does 10 divide o(8)?
False
Suppose -3*m + 9 = -3. Suppose -q = m*u + 25, 2*q + 3 = 1. Let w(h) = h**2 + 2*h - 3. Is 8 a factor of w(u)?
False
Let c = 1 - 17. Let q be 3/(3/20*-2). Let y = q - c. Is y a multiple of 4?
False
Suppose 2*y - 2 = y. Suppose y*l - 63 = -l. Is l a multiple of 21?
True
Let g(p) be the second derivative of p**5 + p**4/12 - p**3/6 - p. Let i be g(1). Suppose -n - n + i = 0. Does 10 divide n?
True
Let k = 28 + 21. Is k a multiple of 18?
False
Let h be 3 - 3/(-9)*-3. Let n = 7 - h. Suppose 2*o = n*x + 59, 4*o - 4*x = -0*x + 136. Is 12 a factor of o?
False
Let a(s) = -1 - 5 + 0 + 4 - 6*s. Is a(-1) even?
True
Let w = 70 - 49. Does 17 divide w?
False
Let m(f) = -2*f**3 + 6*f**2 + 3*f - 2. Is 5 a factor of m(3)?
False
Let d(l) = -2*l + 9. Is 15 a factor of d(-6)?
False
Suppose -3*i + 62 = -124. Suppose 3*t - i - 46 = 0. Suppose t = 4*c - 0*c. Does 9 divide c?
True
Let a = 5 - 3. Is 3 a factor of (-1 - -5) + (4 - a)?
True
Suppose -51 = -5*o + 84. Does 14 divide o?
False
Let d be ((-2)/(-6))/(1/3). Let q(s) = -s - 1. Let v(g) = 6*g - 2. Let i(l) = d*q(l) + v(l). Is i(3) a multiple of 12?
True
Let c(v) = v**2 - 7*v + 69. Does 47 divide c(20)?
True
Suppose 0 = 4*i - 195 + 3. Is i a multiple of 24?
True
Let v(q) = -q + 3*q + q**3 - q**2 + 3 - 2. Suppose -12 = -4*h + 5*y, 0*h - h + 4*y = -3. Does 11 divide v(h)?
False
Let m = -15 - -22. Let f = 3 - m. Let s(d) = d**2 + 3*d + 3. Is 7 a factor of s(f)?
True
Let j = -6 - -19. Suppose -4*p + j + 67 = 0. Is 6 a factor of p?
False
Suppose -5*l + 2*i + 476 = -475, -l + 201 = -4*i. Is l a multiple of 17?
False
Let v be 7 - 3 - (-4)/(-2). Let f(u) = -5*u - 7. Let n(i) = -6*i - 6. Let b(m) = v*n(m) - 3*f(m). Is 24 a factor of b(9)?
False
Suppose 0 = -6*l + 21 - 3. Is l a multiple of 2?
False
Let k(z) = -z**3 + 7*z**2 - z + 9. Let h be k(7). Suppose -m - 1 = -3*j + 84, -2*m = h. Suppose -j = n - 5*n. Does 3 divide n?
False
Let p(u) = -3*u**3 - 5*u**2 + 4*u + 4. Is p(-4) a multiple of 7?
False
Let z(m) = 5*m**2 + 4*m - 4. Is z(3) a multiple of 18?
False
Is 2 - (1 - (79 - 2)) a multiple of 22?
False
Suppose 2*a = 6, -c + 0*c - 4*a = -12. Does 8 divide (c + (-56)/6)*-3?
False
Let x = -41 + 71. Is x a multiple of 15?
True
Let g be (16/(-2) - -4) + 6. Suppose -4*h - 5*j + 2*j = -96, -g*h + 4*j = -70. Is h a multiple of 16?
False
Suppose 4*d = 3*d + 2*g - 15, 4*d - g + 25 = 0. Let w(s) = -3*s + 6. Is w(d) a multiple of 21?
True
Let g be (-2)/(-7) + 12/7. Suppose 5*l = g*v - 60, -v - 17 = -2*v - 4*l. Suppose v = 3*x - 26. Is 17 a factor of x?
True
Let n = -9 + 5. Is 16 a factor of (1 + 1 - -32) + n?
False
Let z(t) = -t - 4. Let w be z(-9). Let o(x) be the third derivative of -x**6/120 + x**5/12 + x**4/4 - x**3 - 8*x**2. Is 24 a factor of o(w)?
True
Let q(k) = -3*k - 16. Does 13 divide q(-14)?
True
Suppose 5*d - 1087 = v, 5*v = -5*d + 539 + 566. Is d a multiple of 23?
False
Let l(j) = 66*j. Let u be l(2). Suppose 5*g - 2*g - u = 0. Is g a multiple of 22?
True
Let z(a) = -a**3 - 6*a**2 - 9*a - 5. Does 10 divide z(-6)?
False
Let n be 1/((-2)/(-8)) + 1. Suppose -4*x + 16 = -4*j, -2*x + 5*x = 2*j + 11. Suppose 10 = -3*g + 5*g + x*b, -n = -g + 2*b. Does 5 divide g?
True
Suppose 0 = r - 4. Suppose -5*p = 3*q - 98, 70 = r*p - q - 22. Suppose 2*s + 3*n = -0*n + p, s - 6 = -4*n. Is 13 a factor of s?
False
Let g(n) = n**3 + 8*n**2 + 4*n - 3. Let a(j) = -2*j**3 - 16*j**2 - 8*j + 5. Let w(q) = 3*a(q) + 5*g(q). Let o be w(-7). Let f = 14 - o. Is f a multiple of 20?
False
Suppose -t + 2*j = -7, 0*j = j + 1. Suppose 4*o - 4*i = 48, -3*o - t*i + 4 = -0*o. Suppose 2*b - 57 = y, 18 = 2*y + o. Is b a multiple of 12?
False
Suppose 2*x = q + 7*x - 34, 5*q + 3*x - 104 = 0. Let b be (-13)/1 + (-3)/(-1). Let d = b + q. Is 9 a factor of d?
True
Let n = -1 - 4. Let l(r) = -r**3 - 5*r**2 - 2*r - 4. Does 5 divide l(n)?
False
Suppose 170 = 5*i - 0*i. Suppose -i - 169 = -7*k. Does 9 divide k?
False
Let v(x) = -x**2 + 5*x - 2. Let i be v(2). Suppose i*j - 24 = -0*j. Is j a multiple of 6?
True
Suppose -z = 3*z. Suppose -4*b + 2*b + 78 = z. Does 14 divide b?
False
Let t = -40 + 87. Suppose 0 = 4*l - 5*l + t. Is l a multiple of 15?
False
Suppose -5*f + 183 = 3*y, -4*y - 3*f = f - 236. Does 18 divide y?
False
Let v = -24 - -61. Is v a multiple of 8?
False
Let b = -2 - 1. Let v = 21 + b. Is 11 a factor of v?
False
Let n(c) = 15*c - 6. Let i be n(4). Suppose 2*b - i = -4*g + 24, -4*b + 3*g + 134 = 0. Does 16 divide b?
False
Let q(l) = -5 - 10*l + 8 - 4*l - 4. Is 21 a factor of q(-5)?
False
Let x(h) = 13*h**2 - 3*h - 2. Does 17 divide x(-3)?
False
Let s be ((-42)/(-10))/((-2)/(-30)). Suppose 2*f + 2*g - 12 = 0, -5 = 3*f - 5*g - s. Is 5 a factor of f?
False
Let z be (0/1)/(2 + -1). Suppose -8 + z = -s. Is s a multiple of 4?
True
Let x(f) = 0*f + 0*f + 36*f**2. Let s(g) = -g**2 - 12*g + 1. Let d be s(-12). Does 21 divide x(d)?
False
Suppose -27 = 3*l - 909. Is l a multiple of 42?
True
Let t = -3 - -3. Suppose -z - 25 = 4*z, t = -3*r - 5*z + 155. Is r a multiple of 21?
False
Let d(w) = -w**2 + 9*w - 2. Let c be d(5). Is 12 a factor of (c/7)/(1/7)?
False
Let k be 0/(-2)*(-1)/(-1). Suppose 0 = -3*x + 5*z + 92, -2*x + k*x - 2*z = -40. Is x a multiple of 8?
True
Suppose 5*a = -3*i + 262, i + 5*a + 32 = 126. Does 28 divide i?
True
Let b(q) = -q**3